+ 21 = 257. Is y a composite number?
False
Suppose q = -2*q. Suppose q = -0*c - 4*c + 52. Is c prime?
True
Suppose 2*b + 442 = 2*t, t + 4*b + 169 - 400 = 0. Is t composite?
False
Suppose 18*r - 13610 = 13*r. Is r a prime number?
False
Suppose 0 = -g - 0 - 8. Let c = g - -13. Is (3/2)/(c/230) composite?
True
Let f be 5 - (2 + -3 + 2). Is f/(-6)*5526/(-12) a composite number?
False
Suppose d - 6*i - 104 = -3*i, 464 = 4*d + 4*i. Let b = -54 + d. Is b a prime number?
True
Let y = -2234 + 4777. Is y a composite number?
False
Suppose -o - 2*o = -f + 2, -3*f = 4*o - 6. Suppose -f*i + 7 = -63. Is i a prime number?
False
Let f be (1/3)/(3/27). Suppose 2*k = -0*n + 2*n + 80, f*k + n - 120 = 0. Suppose -k = -3*z + 17. Is z prime?
True
Suppose 0 = f + 3*f + 2*l - 592, -5*f + 5*l = -755. Is f a composite number?
False
Let o(m) = -m**2 + 2*m. Let b be o(2). Suppose -5*c = -b*c - 265. Is c prime?
True
Suppose z - 11 = -2*d, 6*d + 3*z - 28 = d. Let u = -7 + d. Is (2 - (-27)/u)*-2 prime?
True
Is 1957/2 + (-6)/4 composite?
False
Is 209/11 + -1 + 1 a composite number?
False
Let k = -5 + 9. Let y be 1/((5/26)/5). Suppose -y = k*f - 5*f. Is f a composite number?
True
Let l(w) = -5*w + 5*w - 6*w - 3. Let m(b) = 2*b + 4. Let z be m(-4). Is l(z) prime?
False
Let l = 4 + 0. Suppose l*m = 1871 + 477. Is m a prime number?
True
Let r(i) = i + 3. Let z be r(0). Suppose -5*a - 4*h + 272 = 0, 4*a - 10 = z*h + 220. Suppose -3*b = -a - 10. Is b composite?
True
Let f be 2 + (2/(-1) - -2). Suppose -f*d = -0*d - 262. Is d a prime number?
True
Suppose 5*r - 3*g - 199 = 108, -3*g - 59 = -r. Suppose -r - 31 = -3*h. Is h a prime number?
True
Suppose -14 = -2*z + 2*g, -3*z = g - 0 - 1. Suppose 11 + 4 = 5*a. Suppose -a*m = 12, -3*m + 8*m = z*b - 112. Is b a composite number?
True
Let o(f) = f**3 + 9*f**2 - f - 7. Let c be o(-9). Let a(k) = 18*k + 2. Let g be a(2). Suppose c = n, g = t + t - 4*n. Is t prime?
True
Let x = -4 - -8. Let n = x + -4. Suppose n*m = m - 19. Is m a prime number?
True
Let u(k) = -9*k**2 - 7*k - 5. Let h(p) = 27*p**2 + 20*p + 14. Let g(a) = 6*h(a) + 17*u(a). Let d be g(-2). Let c = d + 5. Is c composite?
True
Suppose o + 2*o + 2*f = 120, -4*o = -2*f - 146. Is o a prime number?
False
Let w be (6/4)/(9/1428). Suppose x - 4*y - 5 - 6 = 0, -x - 2*y - 1 = 0. Suppose w + 467 = x*i. Is i composite?
True
Suppose -2*o - 3*o = b + 10, 13 = -2*b - 3*o. Let k(v) = -17*v - 2. Is k(b) a composite number?
False
Let b(u) = 16*u - 11. Let z be b(12). Let h = -96 + z. Is h a composite number?
True
Let v(b) = b**3 - 6*b**2 + 6*b - 4. Let o be v(4). Let d = o + 95. Is d composite?
False
Suppose 0 = -2*j - 2*j + 8. Suppose -j*s - 2*o = -1064, 0*s - s + 520 = 5*o. Is s prime?
False
Let g = 309 + -56. Is g a prime number?
False
Let y(b) = -b**3 + 8*b**2 - 4*b. Let w be y(7). Suppose 0 = 4*z + z + 4*g - w, 3*z = 3*g + 18. Suppose -4*a + 88 = 4*n, -z*a = 4*n - 97 - 10. Is a prime?
True
Suppose 0*i = -5*x - 4*i + 1055, -3*i + 211 = x. Is x a prime number?
True
Let j(r) = 82*r + 3. Let v be j(-2). Suppose -3*z - 64 = 224. Let h = z - v. Is h a composite number?
True
Suppose 2*i - i + 31 = 0. Let n = 54 + i. Is n prime?
True
Let b be 3448/20 + (-4)/10. Suppose -4*h + b = 1328. Let s = h + 446. Is s a composite number?
False
Suppose -5*c + 1296 = -264. Suppose 5*a + 82 - 20 = d, 4*d - c = 4*a. Suppose 3*v - 119 - d = 0. Is v a prime number?
True
Let z(l) = l + 14. Let m be z(-9). Suppose 3*v - m*v = -934. Is v a composite number?
False
Is 87795/75 + 4/10 a composite number?
False
Is (2 + (-2379)/(-6))*2 composite?
False
Suppose -2*n + d + 30 = -0*d, 4*n + 3*d = 80. Let z = n + -10. Is z composite?
False
Let h be (-1 - -2)/2*3452. Suppose -514 = 4*u - h. Is u prime?
False
Let j(v) = -2*v**2 + 9*v - 4. Let k(q) = 7 - q**2 - 13*q - 4*q + 4*q**2 + 0*q**2. Let p(h) = -5*j(h) - 3*k(h). Is p(-7) prime?
False
Let r = 788 + -336. Let d = -297 + r. Is d a prime number?
False
Let t = 389 + -203. Suppose -t = -3*m + f + 55, -2*f = -m + 87. Is m a prime number?
True
Let i = -407 + 733. Suppose -2*d + 0*d = -i. Is d a prime number?
True
Let l = 45 - 13. Let i = 2 + -16. Let t = l - i. Is t a prime number?
False
Suppose 0 = -4*n + 5*p + 2775 + 11689, 0 = 5*n - 2*p - 18063. Is n a prime number?
False
Let m(i) = -29*i + 2. Is m(-3) a composite number?
False
Suppose 0 = 3*p - 3*a + 3, a - 6*a = p + 1. Let w be ((p - -12) + 3)*-1. Is 134/(-1)*w/4 prime?
False
Let w(s) = 4*s**3 + 6*s**2 + 6*s + 7. Is w(6) prime?
True
Let p(g) = -g**3 + 11*g**2 + 8*g + 11. Is p(10) composite?
False
Is 21603/15 - (-36)/45 prime?
False
Let a = -9 - -6. Let q be (a/(-2))/((-3)/8). Is (31/q)/((-1)/4) a prime number?
True
Let i(n) = 3*n**2 - 5*n**2 - 1 + 3*n**2 + 9*n + 10. Is i(-10) a composite number?
False
Let a(y) be the second derivative of 2/3*y**3 + y**2 - 3*y + 0. Is a(6) a composite number?
True
Let t(n) = n**2 + 7*n + 8. Let k be t(-6). Suppose -k*b + 5*b - 228 = 0. Suppose b = 5*c - c. Is c a prime number?
True
Is (-9)/6*(449840/15)/(-8) composite?
False
Let v(k) = -189*k**2 + 1. Let x be v(1). Let h be (-46)/69*(-654)/(-4). Let y = h - x. Is y a prime number?
True
Suppose 3*z + 3*b = 4434, -5*b + 5915 = 4*z - 2*b. Is z composite?
False
Let i be 1/3 - 5/15. Suppose i*x = -4*j - x + 157, 83 = 2*j + 5*x. Is j a prime number?
False
Let c(l) = -l**3 + 15*l**2 + 15*l - 9. Is c(10) a prime number?
True
Suppose k = 3*k - 10. Let z be 2/k - (-365)/25. Suppose -a + 58 = z. Is a composite?
False
Suppose 5*y - 11 - 9 = 0. Suppose y*n = 197 + 111. Is n a composite number?
True
Let l be 1*-1*(-2 + 8). Is (4/l)/(2/(-93)) a composite number?
False
Let k = -415 - -812. Is k a prime number?
True
Let n be ((-2)/5)/((-4)/100). Suppose -u + n = u. Suppose u*v - 4*j = 7*v - 24, -4*j = 4*v - 68. Is v composite?
True
Suppose 8*b - 15*b = -3647. Is b a prime number?
True
Let n(o) = -o + 3. Let f be n(0). Suppose -7 = -t - t - 5*p, -5*t + f*p + 33 = 0. Suppose 47 = -5*b + t*b. Is b composite?
False
Let o(f) = -6*f - 1. Let l be o(1). Is (-19)/l + 18/63 a prime number?
True
Let d(f) = 40*f - 27. Is d(11) a composite number?
True
Suppose 0 = 2*x - 4 + 6. Is (-6)/2 - x - -293 composite?
True
Suppose -2*s = 2, 0 = -3*v + 2*s + 1391 + 768. Is v a composite number?
False
Suppose 2*p = -3*p + 130. Is p composite?
True
Is (7/(-6)*2)/(5/(-615)) a prime number?
False
Let l(b) = 3*b**3 - 2*b - 1. Let v be l(-1). Is (-1 - v)*(2 + 53) a composite number?
True
Let f be (21/6 + -3)*-4. Let u be -14 + f + (-1 - -2). Let t = 7 - u. Is t a composite number?
True
Let a(c) = -c**2 + 3*c - 3. Let h be a(6). Let y = h + 66. Let m = y + -24. Is m composite?
True
Let d(v) = -v**2 - 6*v - 4. Let c be d(-3). Suppose 0 = 2*k + 2, -3 = -r - r - c*k. Is (-27)/24*-2*r prime?
False
Let j(o) = -47*o - 24. Is j(-5) composite?
False
Let k be (1464/(-30))/((-2)/10). Suppose -87 + k = f. Is f a prime number?
True
Let n(v) be the third derivative of -v**6/144 + v**5/24 - v**4/12 - v**2. Let q(t) be the second derivative of n(t). Is q(-4) composite?
True
Let n(v) = v + 193. Let k be n(0). Suppose -1 = -y, -4*g = -2*y - 3*y + 445. Let m = k + g. Is m a prime number?
True
Let z(a) be the second derivative of -2*a**3/3 - 4*a. Let y be z(-1). Suppose x = -y*x + 2*q + 943, x - 199 = 3*q. Is x composite?
True
Let r(o) = -o + 7. Let c be r(5). Suppose -6 = u - c*u. Suppose -u*v + 2*v = -28. Is v a prime number?
True
Let m = -2 - -2. Let x(c) be the first derivative of -c**2/2 + 59*c + 5. Is x(m) a composite number?
False
Let p be ((-6)/(-5))/((-2)/(-10)). Suppose -3*f + 4*f - 20 = 0. Is f/p*(-21)/(-2) a composite number?
True
Let v(q) = -40*q**2 - 36*q - 10. Let r(s) = -8*s**2 - 7*s - 2. Let u(g) = -11*r(g) + 2*v(g). Is u(-3) composite?
False
Let r(z) be the first derivative of z**4/4 - 4*z**3/3 - 3*z**2 - z - 1. Let w = -37 - -43. Is r(w) composite?
True
Let c = 15 - 18. Is ((-502)/4)/(c/6) a composite number?
False
Is (4/6)/(10/4935) a prime number?
False
Let p = -306 - -197. Let d = -187 - p. Let k = -53 - d. Is k prime?
False
Let a = -411 + 1264. Is a a prime number?
True
Let j = -2254 - -7161. Is j a composite number?
True
Let r = 566 + -396. Let b be r/5*1*2. Suppose -t = 5*o - b, -4*t + 3*o = 149 - 490. Is t a prime number?
True
Let l(z) = -8*z + 1. Let i be l(-1). Let k be (-6)/